2). List the prime factors of h(r).
31, 37
List the prime factors of (-2)/(-13) - ((-771900)/260 - -2).
3, 23, 43
Let v(r) = -1 - r**2 - 9766*r - 2 + 5 + 1 + 9783*r. List the prime factors of v(7).
73
Let z(m) = 6*m**3 - 93*m**2 - 93*m - 64. What are the prime factors of z(22)?
2, 83, 101
Suppose 3 - 2 = 3*a - 2*q, 5*a - q = 4. What are the prime factors of 10/((-60)/(-513)) - a/2?
5, 17
Let n = -750 + 4396. Suppose 0 = 5*p - n + 716. List the prime factors of p.
2, 293
Suppose -32012 - 3478 = 13*f. Let d = 3923 + f. List the prime factors of d.
1193
Let y(j) = -j**3 - 13*j**2 + 2*j + 30. Let w be y(-13). Suppose w*d + 2*d = 1008. Suppose -d = -n + 2*h, n - 2*n = -4*h - 176. List the prime factors of n.
2, 5
Let d(x) = -x**3 + 6*x**2 - 4*x - 9. Let j be d(3). Let p(v) = 2*v**3 - 11*v**2 + 8*v + 1. Let n be p(j). Let k = n + 1. List the prime factors of k.
2, 43
Let g(h) = 2549*h - 105. List the prime factors of g(15).
2, 3, 5, 31, 41
Let g(t) = 3*t + 4*t**2 + 2*t - 6*t + t**3 - 7*t**2 - 10. List the prime factors of g(9).
467
Suppose -5*h + 8*q = 3*q + 40, 2*h + 5*q - 12 = 0. List the prime factors of (86925/(-190))/(2/h).
3, 5, 61
Let l be 269568/(-320) + 7/5 + -1. Let r = -717 - l. List the prime factors of r.
5
Let a = 1331 + -3114. Let v = a - -3859. What are the prime factors of v?
2, 3, 173
Suppose -9234 = -5*r + 22781. What are the prime factors of r?
19, 337
Let i(z) = -z**2 + 46*z - 13. What are the prime factors of i(27)?
2, 5
Let z(f) = 22*f**2 + 177*f - 68. List the prime factors of z(-16).
2, 683
Let h(l) be the third derivative of -3*l**4/4 - 73*l**3/2 - 11*l**2 + 6. What are the prime factors of h(-33)?
3, 5
Suppose 40 = -m + 5*m + 3*j, -4*m = 2*j - 36. Suppose -8 = 5*l + m, -4*a + 4*l + 5208 = 0. List the prime factors of a.
3, 433
Suppose 50*m - 2613609 = -397*m. What are the prime factors of m?
3, 1949
Suppose 5*m - 3*s = 2*m - 489, m + 3*s + 179 = 0. Let i = 346 - m. What are the prime factors of i/(-12)*(1 - (-33)/(-9))?
2, 3, 19
Let d(k) = 20*k + 23*k - 49*k. Let a be d(-3). Let r(h) = 4*h - 13. What are the prime factors of r(a)?
59
Let a = -49614 + 70978. List the prime factors of a.
2, 7, 109
Let c be -3 - ((-2)/(-5) + 119/(-35)). Suppose 5*k - 53 + 3 = c. List the prime factors of 590/6 - (2 - k/6).
2, 7
List the prime factors of 24/2*489*324/243.
2, 3, 163
Suppose -107 = -10*v - 2007. Let z = -436 - v. Let y = z - -437. What are the prime factors of y?
191
Let l(m) be the third derivative of -13*m**4/8 + 125*m**3/6 + 132*m**2. List the prime factors of l(-8).
19, 23
Let j(z) = 69*z + 25. Let p be j(9). Suppose -p = -b - 256. Suppose -3*t + b = 2*t. List the prime factors of t.
2, 3, 13
Let j(a) = -2*a**2 - 65*a - 44. Let z be j(-35). Let c = 488 - z. What are the prime factors of c?
7, 101
Suppose -5*b - 20 = 0, 0 = p - b - 0 - 6. Suppose -p*l + 120 = -266. List the prime factors of l.
193
Suppose 0 = -5*u + u - 4. Suppose 41 - 57 = -4*c. What are the prime factors of u/(c/(-158)*2/4)?
79
Let o(j) = j**3 - 10*j**2 + j - 10. Let a be o(10). Suppose 0 = 32*s + 1308 - 3612. Suppose a = -v + 3*v - s. List the prime factors of v.
2, 3
Let u be (-105)/(-7)*28/5. Suppose -u - 308 = -2*a. What are the prime factors of 1/(197*2/a + -2)?
2, 7
Suppose 0 = -4*c - 5*t - 28, 3*c + 3*t + 8 = 5*c. Let y(f) = 2*f**2 + 3*f + 1. Let w be y(c). Suppose 3*m = -w, l + 5*m - 22 = 19. List the prime factors of l.
2, 23
Let j(p) = -40*p - 78. Suppose -133 = -3*i - 160. List the prime factors of j(i).
2, 3, 47
Let j be (-2)/(-12) - 107002/(-84). What are the prime factors of j/3 - (-12)/(-18)?
2, 53
Let d be (-1)/(-2) - (-280)/(-16). Let m = d + 25. Let k(s) = 12*s - 2. What are the prime factors of k(m)?
2, 47
Suppose -5*w - 15 = 0, -5*w - 11958 = -3*a - 615. What are the prime factors of a?
2, 59
Let u = 17 - 8. Suppose 8*x + 33 = u*x. Suppose -h + 3*o = -x, -2*h = -2*o + 3*o - 59. What are the prime factors of h?
2, 3, 5
Suppose 7*m + 36 = -3*y + 11*m, 0 = -5*y + 2*m - 74. Let o be 2/(6/(-8)*y/18). Suppose v - 143 = -4*d, d - 5*d - 509 = -o*v. What are the prime factors of v?
163
Suppose 86*u + 216190 = 112*u. What are the prime factors of u?
5, 1663
Let n = -6385 - -11206. What are the prime factors of n?
3, 1607
Let r = -3846 - -3905. Let o(u) = u**3 + 5*u**2 - 2*u - 2. Let s be o(-5). Let f = r - s. List the prime factors of f.
3, 17
Let c(f) = 3*f - 10. Let q be c(4). Suppose q*o = o. Suppose -2*u - 3*r = -147 + 3, r - 2 = o. List the prime factors of u.
3, 23
Suppose 587*w - 578*w - 47880 = 0. What are the prime factors of w?
2, 5, 7, 19
What are the prime factors of 339614/55 - -2 - 4/(-20)?
3, 29, 71
Let o(q) = -q**2 - 417*q + 12. What are the prime factors of o(-49)?
2, 13, 347
Let d = 59 + -49. Suppose d*o - 68 - 12 = 0. Suppose o*k = -k + 126. List the prime factors of k.
2, 7
Let f(g) = -g**2 + 15*g - 5. Suppose -48 = -7*t + t. Suppose 0 = 4*s - 20 - t. What are the prime factors of f(s)?
3, 17
Suppose -455 = -z - 1452. Let t be 2 + 16/(-9) + z/(-9). Let y = t + -29. List the prime factors of y.
2, 41
Let a(u) = 92*u + 1940. List the prime factors of a(-15).
2, 5, 7
Let k(r) = 2*r**2 - 9*r - 4. Let s be k(11). Suppose 0 = 4*z - 5*l - 1022, 2*z - 387 = -5*l + s. Suppose -3*b + z = -132. List the prime factors of b.
2, 5, 13
Let r = 27 - 50. Suppose -4*z + z - 195 = 0. Let o = r - z. What are the prime factors of o?
2, 3, 7
Let i = 9 - 1. Let z be i/(-3)*(-3129)/28. Suppose 0 = 3*o + 2*w - z, 4*o - 2*w + 7*w = 409. What are the prime factors of o?
2, 3
Suppose -9*i + 9 = 9. Suppose 3*r - 138 = -2*b + 101, -2*b + r + 235 = i. What are the prime factors of b?
2, 59
Let p(o) = 2*o - 7. Let i be p(4). Let l be ((-3)/i)/(-3) - -2. Suppose -l + 23 = 4*j. List the prime factors of j.
5
Let l = 213 + -186. What are the prime factors of 27 - l - (0 + -231)?
3, 7, 11
Let g(w) be the second derivative of w**4 - w**2/2 + 8*w. Let k be g(-3). Let p = 241 - k. What are the prime factors of p?
2, 67
Suppose 0 = 19*p - 85 - 1036. Suppose -4*w - 31 = -p. List the prime factors of (202/4)/(-1 - w/(-6)).
3, 101
Let g be ((-12)/(-9))/(-5 - (-34)/6). Let p(c) = -29*c**2 + 0*c**3 + 6 + 46*c + c**3 + 10*c**g. List the prime factors of p(17).
2, 3, 5, 7
List the prime factors of (-13867 - -15)/(-2) - 5.
3, 769
Let f = -40 - -45. Suppose 0 = 2*p - 2*l, 0*p - p - 20 = -f*l. Suppose -p*n = -2*g + 170, 5*g - 110 - 285 = 5*n. List the prime factors of g.
3, 5
Suppose 19288 = -107*t + 111*t - 4*x, 2*t - x = 9643. What are the prime factors of t?
3, 1607
Let g be (-135)/(-108)*(596 - (2 + -2)). Suppose 100*h - g = 99*h. What are the prime factors of h?
5, 149
Let y = 55191 + -30366. List the prime factors of y.
3, 5, 331
Let a(q) = -q**3 - 8*q**2 - 2*q - 17. Let r be a(-8). Let j(m) = 2259*m**2 - m + 1. Let i be j(r). List the prime factors of 6/(-16) + i/56.
2, 5
Let b be 4 - (4/(-24))/(4/(-24)). Suppose 0 = 5*j - 0*t + t - 16, 0 = -5*j - b*t + 18. List the prime factors of j/(-2 - 1) + 30.
29
Let q = -31 - -30. Suppose -52 = -3*z + 4*f + 78, 0 = -f - 1. Let u = z + q. List the prime factors of u.
41
Let i(z) = z**3 + 7*z**2 - 2*z - 6. Suppose 3*h = -6*g + 2*g - 16, 0 = g + 2*h - 1. Let u be i(g). Suppose -11*r + 105 = -u*r. What are the prime factors of r?
5, 7
Let f(g) = -299*g + 1062. List the prime factors of f(-27).
3, 5, 7, 29
Let i = 72 - 63. Let y be (3/i)/(1/30). Let c = y + 32. What are the prime factors of c?
2, 3, 7
Suppose -3*q + 37 + 263 = 0. Suppose -2*r - 2*b = -452 + q, 2*r + 5*b - 358 = 0. Suppose 3*x - r = -3*v, -5*v = 5*x - v - 292. What are the prime factors of x?
2, 3, 5
Suppose 231 = 16*m - 73. Suppose 28*t - m*t - 8658 = 0. List the prime factors of t.
2, 13, 37
Let y = 338 - 323. Suppose -y*j - 2178 = -24*j. What are the prime factors of j?
2, 11
Let s be (10/(-4))/(1/(-2)). Let h be -3 + (4 - 2) + 401. Suppose -s*u + h = 5*o, o + o = -4*u + 168. List the prime factors of o.
2, 19
Let a(p) = 242*p - 18. Suppose 42*q - 41*q = 1. What are the prime factors of a(q)?
2, 7
Let q(w) = -3*w - 62. Let g be q(-26). Let h be (g/12)/((-5)/(15/(-2))). List the prime factors of 18/h + -4 - -9.
2, 7
Let u = -22 + -28. Let j be ((-16)/40)/((-1)/u). List the prime factors of (54/4)/(-9)*j.
2, 3, 5
Let r(l) = -2441*l - 276. What are the prime facto